factor of 7005?
False
Is 37 a factor of 5941?
False
Does 45 divide 405?
True
Is 48 a factor of 72624?
True
Is 27 a factor of 22904?
False
Is 18 a factor of 522?
True
Is 70 a factor of 2940?
True
Does 9 divide 14418?
True
Is 22360 a multiple of 52?
True
Is 1344 a multiple of 46?
False
Does 37 divide 714?
False
Is 1635 a multiple of 109?
True
Does 89 divide 2670?
True
Does 21 divide 34?
False
Is 47 a factor of 1339?
False
Is 1877 a multiple of 19?
False
Is 13 a factor of 1729?
True
Does 20 divide 19773?
False
Does 28 divide 2856?
True
Is 36 a factor of 1404?
True
Does 18 divide 8414?
False
Is 88668 a multiple of 27?
True
Is 14 a factor of 152289?
False
Is 51 a factor of 510?
True
Does 9 divide 1995?
False
Is 23 a factor of 11358?
False
Is 468 a multiple of 39?
True
Is 1575 a multiple of 12?
False
Does 22 divide 22?
True
Is 9 a factor of 18065?
False
Is 248 a factor of 11656?
True
Is 29 a factor of 48633?
True
Is 267 a factor of 71823?
True
Is 7667 a multiple of 11?
True
Does 37 divide 163?
False
Does 31 divide 780?
False
Is 6394 a multiple of 2?
True
Does 43 divide 860?
True
Is 31 a factor of 2606?
False
Does 12 divide 3639?
False
Does 13 divide 156?
True
Is 5184 a multiple of 9?
True
Does 155 divide 7130?
True
Is 541 a multiple of 17?
False
Is 8 a factor of 6696?
True
Does 65 divide 618?
False
Is 6 a factor of 4188?
True
Is 71 a factor of 36099?
False
Does 84 divide 20009?
False
Is 3872 a multiple of 88?
True
Does 4 divide 163?
False
Does 49 divide 1274?
True
Is 9 a factor of 69205?
False
Is 120 a factor of 4320?
True
Does 31 divide 113677?
True
Is 36583 a multiple of 144?
False
Is 14 a factor of 1568?
True
Is 68 a factor of 10933?
False
Does 32 divide 10016?
True
Is 22 a factor of 24024?
True
Is 32 a factor of 4210?
False
Is 35 a factor of 6825?
True
Is 50202 a multiple of 10?
False
Does 21 divide 2627?
False
Does 118 divide 3169?
False
Is 526 a multiple of 3?
False
Is 12 a factor of 14137?
False
Is 94 a factor of 26602?
True
Does 22 divide 242?
True
Is 419 a multiple of 21?
False
Is 30937 a multiple of 20?
False
Is 146280 a multiple of 106?
True
Is 9146 a multiple of 17?
True
Does 20 divide 2180?
True
Is 367 a multiple of 24?
False
Does 32 divide 2976?
True
Is 552 a multiple of 23?
True
Is 8 a factor of 272?
True
Is 30 a factor of 3265?
False
Is 93 a factor of 29481?
True
Is 111 a factor of 1067?
False
Does 46 divide 11000?
False
Does 57 divide 752?
False
Is 266 a multiple of 14?
True
Is 403 a multiple of 13?
True
Is 19 a multiple of 2?
False
Does 90 divide 3330?
True
Is 10172 a multiple of 8?
False
Is 269 a multiple of 19?
False
Is 15 a factor of 300?
True
Is 16 a factor of 1932?
False
Is 42 a factor of 4830?
True
Does 6 divide 1229?
False
Is 1742 a multiple of 67?
True
Does 31 divide 384?
False
Does 86 divide 4924?
False
Is 310 a multiple of 31?
True
Is 23 a factor of 22641?
False
Does 108 divide 7560?
True
Does 12 divide 12312?
True
Does 5 divide 5003?
False
Is 37 a factor of 1998?
True
Does 35 divide 4866?
False
Does 10 divide 1330?
True
Is 156 a factor of 5973?
False
Is 98 a factor of 48083?
False
Does 123 divide 39141?
False
Does 16 divide 7742?
False
Is 2 a factor of 16144?
True
Is 2790 a multiple of 186?
True
Is 34 a factor of 918?
True
Does 65 divide 9356?
False
Is 8 a factor of 2161?
False
Does 118 divide 8968?
True
Is 1216 a multiple of 4?
True
Does 23 divide 6831?
True
Is 220 a factor of 31460?
True
Is 16 a factor of 2181?
False
Does 100 divide 5100?
True
Is 11 a factor of 1065?
False
Is 4 a factor of 15?
False
Does 5 divide 14340?
True
Does 34 divide 485?
False
Is 37 a factor of 634?
False
Does 63 divide 78057?
True
Is 54 a factor of 2382?
False
Is 20 a factor of 178?
False
Is 29 a factor of 3379?
False
Is 22 a factor of 165?
False
Does 43 divide 13281?
False
Does 138 divide 5658?
True
Does 7 divide 8256?
False
Is 3 a factor of 202?
False
Is 27 a factor of 105246?
True
Does 17 divide 67949?
True
Is 1152 a multiple of 6?
True
Is 26040 a multiple of 186?
True
Is 6 a factor of 58?
False
Is 348 a multiple of 12?
True
Does 62 divide 744?
True
Does 6 divide 4872?
True
Is 135 a multiple of 5?
True
Does 9 divide 1412?
False
Does 3 divide 135?
True
Is 10 a factor of 405?
False
Does 26 divide 2418?
True
Does 16 divide 384?
True
Does 2 divide 24?
True
Is 522 a multiple of 58?
True
Is 597 a multiple of 15?
False
Does 82 divide 820?
True
Does 18 divide 5936?
False
Does 109 divide 135011?
False
Is 9600 a multiple of 24?
True
Is 56 a factor of 5866?
False
Is 38208 a multiple of 48?
True
Is 1675 a multiple of 19?
False
Is 6 a factor of 19459?
False
Is 2674 a multiple of 94?
False
Is 32 a factor of 2998?
False
Is 3 a factor of 304?
False
Is 294 a factor of 99372?
True
Does 6 divide 2751?
False
Is 138 a factor of 28842?
True
Is 27 a factor of 3368?
False
Is 14424 a multiple of 6?
True
Is 53 a factor of 2009?
False
Does 9 divide 45288?
True
Is 8668 a multiple of 31?
False
Is 85 even?
False
Is 122 a factor of 8996?
False
Is 361 a multiple of 14?
False
Does 21 divide 6258?
True
Is 638 a multiple of 7?
False
Is 456 a multiple of 19?
True
Is 7614 a multiple of 18?
True
Is 1392 a multiple of 3?
True
Is 1878 a multiple of 91?
False
Is 387 a multiple of 120?
False
Is 15 a factor of 404?
False
Is 5032 a multiple of 8?
True
Is 46401 a multiple of 11?
False
Does 110 divide 7810?
True
Is 29610 a multiple of 47?
True
Does 38 divide 2341?
False
Does 10 divide 12977?
False
Is 1084 a multiple of 70?
False
Is 27 a factor of 240?
False
Does 11 divide 176?
True
Does 11 divide 33291?
False
Does 21 divide 651?
True
Is 2662 a multiple of 22?
True
Is 15 a factor of 1110?
True
Is 688 a multiple of 19?
False
Does 6 divide 306?
True
Is 21 a factor of 294?
True
Does 40 divide 280?
True
Is 2580 a multiple of 15?
True
Does 15 divide 1541?
False
Does 32 divide 834?
False
Does 41 divide 92619?
True
Does 13 divide 146?
False
Does 10 divide 3930?
True
Does 7 divide 201?
False
Does 12 divide 7450?
False
Is 2590 a multiple of 74?
True
Is 82 a multiple of 2?
True
Is 364 a multiple of 44?
False
Is 194 a multiple of 6?
False
Does 2 divide 1022?
True
Is 11 a factor of 2508?
True
Is 9 a factor of 2424?
False
Is 10 a multiple of 2?
True
Is 5 a factor of 14?
False
Does 9 divide 153?
True
Does 28 divide 674?
False
Is 2 a factor of 269?
False
Does 12 divide 11136?
True
Is 122 even?
True
Does 17 divide 938?
False
Is 19196 a multiple of 12?
False
Is 3852 a multiple of 36?
True
Is 7 a factor of 38150?
True
Is 18 a factor of 19077?
False
Does 4 divide 146?
False
Is 8399 a multiple of 37?
True
Is 41 a factor of 89150?
False
Is 17 a factor of 493?
True
Is 3 a factor of 3931?
False
Does 4 divide 363?
False
Does 184 divide 197?
False
Is 1016 a multiple of 27?
False
Is 16 a factor of 1571?
False
Does 14 divide 704?
False
Is 104 a multiple of 6?
False
Is 3413 a multiple of 66?
False
Does 26 divide 15746?
False
Is 11 a factor of 21813?
True
Is 12675 a multiple of 101?
False
Is 41 a factor of 608?
False
Is 22 a factor of 880?
True
Is 19734 a multiple of 13?
True
Does 16 divide 2656?
True
Does 22 divide 330?
True
Is 2983 a multiple of 61?
False
Does 11 divide 1380?
False
Is 11 a factor of 2160?
False
Does 6 divide 4050?
True
Is 10725 a multiple of 211?
False
Does 207 divide 44298?
True
Does 11 divide 44?
True
Does 56 divide 491?
False
Does 118 divide 2242?
True
Does 9 divide 1188?
True
Is 2 a factor of 4?
True
Is 183 a multiple of 3?
True
Is 5168 a multiple of 136?
True
Is 67 a factor of 24959?
False
Does 9 divide 72?
True
Is 2376 a multiple of 44?
True
Is 39 a factor of 979?
False
Is 2322 a multiple of 39?
False
Does 86 divide 14964?
True
Is 31 a factor of 15655?
True
Is 21 a factor of 3152?
False
Is 12 a factor of 22521?
False
Is 22 a factor of 1863?
False
Does 28 divide 4956?
True
Is 425 a multiple of 32?
False
Does 89 divide 10634?
False
Is 2730 a multiple of 13?
True
Is 122 a multiple of 4?
False
Does 8 divide 3384?
True
Does 5 divide 1940?
True
Does 82 divide 104960?
True
Is 14501 a multiple of 205?
False
Is 80 a multiple of 8?
True
Is 32 a factor of 143?
False
Is 34 a factor of 18022?
False
Is 2082 a multiple of 13?
False
Is 11 a factor of 3086?
False
Is 44 a factor of 12308?
False
Does 2 divide 27?
False
Does 79 divide 2733?
False
Is 40 a factor of 2396?
False
Does 130 divide 4262?
False
Is